{"id":2,"date":"2015-10-20T13:59:13","date_gmt":"2015-10-20T12:59:13","guid":{"rendered":"http:\/\/ecole-saint-aubin.fr\/?page_id=2"},"modified":"2026-02-01T22:18:54","modified_gmt":"2026-02-01T21:18:54","slug":"page-d-exemple","status":"publish","type":"page","link":"https:\/\/ecole-saint-aubin.fr\/index.php\/page-d-exemple\/","title":{"rendered":"Enseignants, ASEM et intervenants dans l&rsquo;\u00e9cole"},"content":{"rendered":"<h1><span style=\"text-decoration: underline; color: #008000;\"><em><span style=\"color: #008000; text-decoration: underline;\">L&rsquo;\u00e9quipe<\/span>:<\/em><\/span><\/h1>\n<p><a href=\"https:\/\/ecole-saint-aubin.fr\/wp-content\/uploads\/2026\/01\/equipe.jpeg\"><img loading=\"lazy\" decoding=\"async\" class=\"alignnone size-full wp-image-12349\" src=\"https:\/\/ecole-saint-aubin.fr\/wp-content\/uploads\/2026\/01\/equipe.jpeg\" alt=\"\" width=\"1280\" height=\"853\" srcset=\"https:\/\/ecole-saint-aubin.fr\/wp-content\/uploads\/2026\/01\/equipe.jpeg 1280w, https:\/\/ecole-saint-aubin.fr\/wp-content\/uploads\/2026\/01\/equipe-300x200.jpeg 300w, https:\/\/ecole-saint-aubin.fr\/wp-content\/uploads\/2026\/01\/equipe-1024x682.jpeg 1024w, https:\/\/ecole-saint-aubin.fr\/wp-content\/uploads\/2026\/01\/equipe-768x512.jpeg 768w, https:\/\/ecole-saint-aubin.fr\/wp-content\/uploads\/2026\/01\/equipe-272x182.jpeg 272w\" sizes=\"(max-width: 1280px) 100vw, 1280px\" \/><\/a><\/p>\n<p><strong>En bas, de gauche \u00e0 droite<\/strong> : Nicolas Ferrier (MS-GS), Corinne Yviquel (CM le mardi), Viviane Olichon (ASEM MS-GS)<\/p>\n<p><strong>En haut, de gauche \u00e0 droite<\/strong> : Marine (apprentie PPS-PS-MS), Lise Leduc (CP-CE2), Lucie Allard (CM et cheffe d&rsquo;\u00e9tablissement), Coralie Caillon (CE1- CE2), Sylvie Urvoy (PPS-PS- MS), Christine Gourland (ASEM PPS-PS-MS)&nbsp;<\/p>\n<p>Absentes sur la photo :&nbsp;<\/p>\n<p>&nbsp; &nbsp; &nbsp; &nbsp; &nbsp;<a href=\"https:\/\/ecole-saint-aubin.fr\/wp-content\/uploads\/2018\/09\/portrait-001.jpg\"><img loading=\"lazy\" decoding=\"async\" class=\"alignnone wp-image-5223\" src=\"https:\/\/ecole-saint-aubin.fr\/wp-content\/uploads\/2018\/09\/portrait-001-225x300.jpg\" alt=\"\" width=\"185\" height=\"139\"><\/a><\/p>\n<ul>\n<li><strong>Roselyne Queffelec-Guimbaud<\/strong> : Enseignante des PPS-PS-MS&nbsp; (jeudi et vendredi)<\/li>\n<li><strong>M\u00e9lanie Qu\u00e9m\u00e9naire<\/strong>: Enseignante sp\u00e9cialis\u00e9e&nbsp;<\/li>\n<li><strong>Coralie Philippot<\/strong> : AESH&nbsp;<\/li>\n<li><strong>Agathe Leservoisier :&nbsp; <\/strong>CE1-CE2 le jeudi<\/li>\n<\/ul>\n<p>&nbsp;<\/p>\n<p>&nbsp;<\/p>\n","protected":false},"excerpt":{"rendered":"<p>L&rsquo;\u00e9quipe: En bas, de gauche \u00e0 droite : Nicolas Ferrier (MS-GS), Corinne Yviquel (CM le mardi), Viviane Olichon (ASEM MS-GS) En haut, de gauche \u00e0 droite : Marine (apprentie PPS-PS-MS), Lise Leduc (CP-CE2), Lucie Allard (CM et cheffe d&rsquo;\u00e9tablissement), Coralie Caillon (CE1- CE2), Sylvie Urvoy (PPS-PS- MS), Christine Gourland (ASEM PPS-PS-MS)&nbsp; Absentes sur la photo<\/p>\n<p><a href=\"https:\/\/ecole-saint-aubin.fr\/index.php\/page-d-exemple\/\" class=\"more-link themebutton\">Lire la suite<\/a><\/p>\n","protected":false},"author":1,"featured_media":0,"parent":0,"menu_order":0,"comment_status":"closed","ping_status":"closed","template":"","meta":{"ngg_post_thumbnail":0,"footnotes":""},"_links":{"self":[{"href":"https:\/\/ecole-saint-aubin.fr\/index.php\/wp-json\/wp\/v2\/pages\/2"}],"collection":[{"href":"https:\/\/ecole-saint-aubin.fr\/index.php\/wp-json\/wp\/v2\/pages"}],"about":[{"href":"https:\/\/ecole-saint-aubin.fr\/index.php\/wp-json\/wp\/v2\/types\/page"}],"author":[{"embeddable":true,"href":"https:\/\/ecole-saint-aubin.fr\/index.php\/wp-json\/wp\/v2\/users\/1"}],"replies":[{"embeddable":true,"href":"https:\/\/ecole-saint-aubin.fr\/index.php\/wp-json\/wp\/v2\/comments?post=2"}],"version-history":[{"count":28,"href":"https:\/\/ecole-saint-aubin.fr\/index.php\/wp-json\/wp\/v2\/pages\/2\/revisions"}],"predecessor-version":[{"id":12353,"href":"https:\/\/ecole-saint-aubin.fr\/index.php\/wp-json\/wp\/v2\/pages\/2\/revisions\/12353"}],"wp:attachment":[{"href":"https:\/\/ecole-saint-aubin.fr\/index.php\/wp-json\/wp\/v2\/media?parent=2"}],"curies":[{"name":"wp","href":"https:\/\/api.w.org\/{rel}","templated":true}]}}

Enseignants, ASEM et intervenants dans l&rsquo;école

<h1><span style="text-decoration: underline; color: #008000;"><em><span style="color: #008000; text-decoration: underline;">L&rsquo;équipe</span>:</em></span></h1>
<p><a href="https://ecole-saint-aubin.fr/wp-content/uploads/2026/01/equipe.jpeg"><img loading="lazy" decoding="async" class="alignnone size-full wp-image-12349" src="https://ecole-saint-aubin.fr/wp-content/uploads/2026/01/equipe.jpeg" alt="" width="1280" height="853" srcset="https://ecole-saint-aubin.fr/wp-content/uploads/2026/01/equipe.jpeg 1280w, https://ecole-saint-aubin.fr/wp-content/uploads/2026/01/equipe-300x200.jpeg 300w, https://ecole-saint-aubin.fr/wp-content/uploads/2026/01/equipe-1024x682.jpeg 1024w, https://ecole-saint-aubin.fr/wp-content/uploads/2026/01/equipe-768x512.jpeg 768w, https://ecole-saint-aubin.fr/wp-content/uploads/2026/01/equipe-272x182.jpeg 272w" sizes="(max-width: 1280px) 100vw, 1280px" /></a></p>
<p><strong>En bas, de gauche à droite</strong> : Nicolas Ferrier (MS-GS), Corinne Yviquel (CM le mardi), Viviane Olichon (ASEM MS-GS)</p>
<p><strong>En haut, de gauche à droite</strong> : Marine (apprentie PPS-PS-MS), Lise Leduc (CP-CE2), Lucie Allard (CM et cheffe d&rsquo;établissement), Coralie Caillon (CE1- CE2), Sylvie Urvoy (PPS-PS- MS), Christine Gourland (ASEM PPS-PS-MS)&nbsp;</p>
<p>Absentes sur la photo :&nbsp;</p>
<p>&nbsp; &nbsp; &nbsp; &nbsp; &nbsp;<a href="https://ecole-saint-aubin.fr/wp-content/uploads/2018/09/portrait-001.jpg"><img loading="lazy" decoding="async" class="alignnone wp-image-5223" src="https://ecole-saint-aubin.fr/wp-content/uploads/2018/09/portrait-001-225x300.jpg" alt="" width="185" height="139"></a></p>
<ul>
<li><strong>Roselyne Queffelec-Guimbaud</strong> : Enseignante des PPS-PS-MS&nbsp; (jeudi et vendredi)</li>
<li><strong>Mélanie Quéménaire</strong>: Enseignante spécialisée&nbsp;</li>
<li><strong>Coralie Philippot</strong> : AESH&nbsp;</li>
<li><strong>Agathe Leservoisier :&nbsp; </strong>CE1-CE2 le jeudi</li>
</ul>
<p>&nbsp;</p>
<p>&nbsp;</p>

<p>L&rsquo;équipe: En bas, de gauche à droite : Nicolas Ferrier (MS-GS), Corinne Yviquel (CM le mardi), Viviane Olichon (ASEM MS-GS) En haut, de gauche à droite : Marine (apprentie PPS-PS-MS), Lise Leduc (CP-CE2), Lucie Allard (CM et cheffe d&rsquo;établissement), Coralie Caillon (CE1- CE2), Sylvie Urvoy (PPS-PS- MS), Christine Gourland (ASEM PPS-PS-MS)&nbsp; Absentes sur la photo</p>
<p><a href="https://ecole-saint-aubin.fr/index.php/page-d-exemple/" class="more-link themebutton">Lire la suite</a></p>
